t p = 381 - 322. What is the remainder when p is divided by (-59)/r - 6/(-24)?
14
Suppose -4*m - 2 + 13 = 3*l, 4*l - 17 = -3*m. Suppose 3*d - 544 = -4*c + 5*c, -l*d = -c - 904. Calculate the remainder when d is divided by 37.
32
Suppose -18*x = -30*x + 444. Let p = x - 26. Calculate the remainder when 27 is divided by p.
5
Suppose 0 = -4*g + 4, -383*g + 380*g = 3*i - 3039. What is the remainder when i is divided by 85?
77
Let w(m) = m**3 + 12*m**2 - 5*m - 12. Let l be w(-11). Calculate the remainder when 2/7 - l/(-14) is divided by 108/22 - (199/(-11) + 18).
2
Let z = -82 + 173. Let x = 190 - z. Let o = x + -36. What is the remainder when o is divided by 17?
12
Suppose 2*b - u - 20 = 0, b = 3*u + 44 - 39. What is the remainder when 4529 is divided by b?
8
Calculate the remainder when (4865 - (12 + -8))/(-5 - -6) is divided by 64.
61
Let c = -2552 + 2452. Let h = -192 + 112. Let y = h - c. Calculate the remainder when y is divided by 11.
9
Let a(o) = 5*o**2 + 2*o - 4. Let u(w) = w**3 + 14*w**2 + 24 - 8*w - 7*w - w + w. Calculate the remainder when a(-4) is divided by u(-15).
20
Let s(v) = -v**3 + 7*v**2 - 5*v + 13. What is the remainder when 9/(-189)*6*(-321 + -1) is divided by s(6)?
16
Let x(g) = g**3 - 21*g**2 + 7*g + 27. Let p be x(19). Let m = -511 - p. What is the remainder when m is divided by 26/(-8)*4*-1?
12
Let d(u) = 44*u. Suppose 85*z + 897 = -42*z + 10422. Calculate the remainder when z is divided by d(1).
31
Calculate the remainder when ((-14)/63*-9)/(15/8220) is divided by 273.
4
Let m = 35632 + -35587. What is the remainder when 83 is divided by m?
38
Suppose 8*o + 1323 = 3590 + 6525. What is the remainder when o is divided by 25?
24
Let j(h) = -5*h - 95. Calculate the remainder when -5*((-73)/5 + (-1)/(-5)) is divided by j(-22).
12
Suppose 37*j - 350 = 32*j. Suppose 756 = -61*m + j*m. Calculate the remainder when m is divided by 44.
40
Suppose -99*u + 183*u - 2120 = -128*u. Calculate the remainder when u is divided by 1.
0
Let j(x) = -2*x. Let m be j(-2). Suppose m*a + 17 = 101. Suppose -3*z = -96 + a. What is the remainder when z is divided by 9?
7
Let n = 33 + -21. Let h = 308 + -289. Calculate the remainder when h is divided by n.
7
What is the remainder when 9 - ((-24)/36)/((-2)/(-600)) is divided by 48?
17
Suppose -2*l - 2*f = -5*l + 204, -l + 78 = -4*f. Suppose 0 = -5*v + 2*u + 1632, 1084 = 5*v - 5*u - 551. Calculate the remainder when v is divided by l.
62
Suppose -5*z - 953 - 92 = 0. Let v = -180 - z. What is the remainder when 143 is divided by v?
27
Suppose -152 = 4*q - 624. Let z = 173 - q. Calculate the remainder when 171 is divided by z.
6
Suppose -3*a = -59 + 14. Let t be 3/(5/5*1). Suppose -5*m - 5*x + 140 = -70, 2*x - 127 = -t*m. Calculate the remainder when m is divided by a.
13
Suppose 44*o + 1635 = 8367. Calculate the remainder when o is divided by 32.
25
Suppose -968 = -3*v - 35. Let f = -1150 + 1202. Calculate the remainder when v is divided by f.
51
Let t be 12/(-90)*-95 + (-2)/(-6). Let h(p) = 2*p**2 - 17*p + 2. Calculate the remainder when h(t) is divided by 30.
29
Calculate the remainder when 12531/3 - (-610)/(-61) is divided by 107.
101
Suppose -i - 2*i - 12 = 0. What is the remainder when i - (110/(-1) - -3) is divided by 15?
13
Suppose -3*i = 2*i. Suppose -2 = -l + 32*o - 36*o, 3*o = 5*l - 79. Calculate the remainder when (6 - 3) + 38 + i is divided by l.
13
Suppose -5*b = -2*n - 1790, 0 = -127*b + 131*b + 4*n - 1404. What is the remainder when b is divided by 179?
177
Suppose -3326 - 6603 = -139*r + 774. What is the remainder when 1604 is divided by r?
64
Let z = 52059 + -52033. Let q(m) = -154*m**3 - 2*m**2 + 1. Calculate the remainder when q(-1) is divided by z.
23
Let g = -116 - -162. Let y(k) = 25*k**2 + 49*k - 49. Calculate the remainder when g is divided by y(1).
21
Suppose -185*g = -145*g - 1200. Calculate the remainder when g is divided by 20.
10
Suppose -120 = -2*h + 4*v, 3*h + 2*v + 53 = 209. What is the remainder when 629 is divided by h?
35
Suppose -36*n - 50 = -26*n. Calculate the remainder when 224 is divided by 3/(-15) + (-226)/n.
44
Suppose -k + 21 = 2*q, -2*k - 4*q + 51 = -3*q. Suppose 450 = -2*h + k*h. What is the remainder when h is divided by 14?
4
Let z(s) = 3*s**2 - 157*s + 1813. What is the remainder when 24939 is divided by z(36)?
47
Suppose 2*l - 2*n - 48 = -874, 10 = 5*n. Let z = 459 + l. What is the remainder when z is divided by -3*1/((-6)/28)?
6
Suppose g - 393 = -2*v, -2*g - 5*v - 137 + 920 = 0. Let t = 483 - g. Suppose -2*z - 10 = -44. What is the remainder when t is divided by z?
16
Let p(q) = q**2 + 3. Let c(k) = 14*k + 11. Let m(h) = -c(h) + 2*p(h). Let b = 16 - -12. What is the remainder when m(11) is divided by b?
27
Suppose -8*j - 932 = -3*u - 4*j, u + 3*j - 289 = 0. Suppose -12*x + u = 7*x. Calculate the remainder when x is divided by 11.
5
Suppose 0*m - 3*m + 530 = 5*p, -4*p - 2*m = -424. What is the remainder when p is divided by 5*10*(-54)/(-150)?
16
Suppose 68*s = 32*s + 1692. What is the remainder when 407 is divided by s?
31
Suppose 48*b - 5740 = -22*b. Calculate the remainder when 90 is divided by b.
8
Suppose -3*a + 4828 = -0*a + 2*c, -4*a + 6445 = -5*c. What is the remainder when a is divided by 179?
178
Suppose 92*o + 2639 = 7372 + 3823. What is the remainder when 212 is divided by o?
26
Let d = -118 + 294. Let v be (-58)/145 - d/10. Let r = -4 - v. What is the remainder when 25 is divided by r?
11
Suppose -3*y + 5 - 2 = 0, -i = -3*y. Suppose 25 = -5*a, 5*a - 5 = -3*d - i. Suppose -2*k - 2*k + 68 = 0. Calculate the remainder when k is divided by d.
8
Let n(m) = -5 + 28 - 8 + m**2 - 13*m. Calculate the remainder when 143 is divided by n(14).
27
Calculate the remainder when 747 is divided by (-215)/(-3) - 8*17/204.
37
Let i be (-27)/(-2 - (-1)/2). Suppose 13*u - i*u = -520. What is the remainder when u is divided by 53?
51
Let z(v) = -27*v**2 + 507*v - 14. Calculate the remainder when z(13) is divided by 206.
160
Calculate the remainder when -3 + ((-110682)/(-104) - ((-27)/(-12) + -2)) is divided by 21.
11
Suppose 16*p - 13*p - 192 = 3*n, p - 262 = 4*n. Suppose 2*b - 201 = -5*g, 2*b = 2*g + g + 161. Let z = b + n. What is the remainder when z is divided by 8?
6
Let i = -11016 - -21750. What is the remainder when i is divided by 44?
42
Suppose -3*g - 3*c + 6 + 33 = 0, -2*g = 4*c - 20. Let j = -227 + 221. What is the remainder when g is divided by (8/j)/((-6)/9)?
0
Suppose 161*j = -304*j + 34410. What is the remainder when 403 is divided by j?
33
Suppose 768*r - 715*r - 3604 = 0. What is the remainder when 216 is divided by r?
12
Let r = 1881 + -1847. Calculate the remainder when 187 is divided by r.
17
Suppose 40*y - 39*y + 728 = 3*m, -2*y + 964 = 4*m. Calculate the remainder when m is divided by 20.
2
Let v(s) = s - 14. Let g be v(17). Suppose 0 = -2*x - 0*x - l - 73, -g*l + 69 = -2*x. What is the remainder when 79 is divided by (x/20)/(2/(-10))?
7
Let a = -3485 - -11699. Suppose 0 = 7*z + 30*z - a. Calculate the remainder when z is divided by 32.
30
Let s = -8946 + 9542. What is the remainder when s is divided by 50?
46
Suppose -4972 = -21*n - 2110 + 1695. What is the remainder when n is divided by 110?
107
Let x = 2260 + -2184. Calculate the remainder when 274 is divided by x.
46
Let y(z) = 15*z**3 - z**2 + 4*z - 1. Let s be y(1). Suppose -43 - s = -6*a. What is the remainder when a is divided by 3?
1
Let w(q) = 2*q**2 - 10*q + 19. Let c be w(12). Suppose -j - 4*j + c = o, -5*j - 2*o = -189. What is the remainder when j is divided by (-3)/4 + 110/8?
11
Let u(p) = 82*p**2 - 85*p**2 - 16 + 11*p + 67 - p**3. What is the remainder when u(-5) is divided by 16?
14
Let n be (-2)/(-4) + (-90)/60. What is the remainder when ((-7)/n)/((-3)/(-60)) - 3 is divided by 23?
22
Suppose 2*l - 4052 = 3246. What is the remainder when l is divided by 7?
2
Let c = 196 + -155. Suppose -c*b - 3*k = -42*b + 41, -5*b - 5*k + 105 = 0. What is the remainder when 123 is divided by b?
19
Calculate the remainder when (-1*(-8)/(-20) + (-846)/(-10))*5 is divided by 200.
21
Suppose f = 2 + 15. Let t be (f*(-10)/(1 + -2))/1. Suppose 0 = z + 4*z - t. What is the remainder when z is divided by 19?
15
Suppose -330 = -2*g - 4*p - p, 0 = -2*g - 4*p + 330. Calculate the remainder when 281